8. Calculate t(-43).
1
Let j(t) = t**3 + 6*t**2 - 8*t - 3. Give j(-7).
4
Let x(q) = 3*q**2 + q - 3. Determine x(-2).
7
Let k(s) = s**2 - 8*s + 4. Give k(4).
-12
Let o(u) = u**2 + 10*u + 17. What is o(-9)?
8
Let g(x) = 7*x + 10. Calculate g(-5).
-25
Let w(x) = x**3 + 28*x**2 - 68*x - 255. Calculate w(-30).
-15
Let g(f) = 3*f**2 - 3*f - 3. Determine g(-3).
33
Let o(c) = -c**3 - 7*c**2 - 10*c - 6. Calculate o(-4).
-14
Let b(q) = q**3 + 3*q**2 + 2*q - 1. What is b(-2)?
-1
Let z(r) = -10*r - 15. Calculate z(-3).
15
Let i(d) = -3*d**2 + 10*d + 8. What is i(5)?
-17
Let w(j) = 5*j - 5. Calculate w(1).
0
Let j(h) = -2*h**3 + 36*h**2 - 36*h + 41. Determine j(17).
7
Let u(x) = 3*x - 10. Calculate u(16).
38
Let a(c) = -2*c**2 - 10*c - 3. Give a(-4).
5
Let s(c) = -c**2 + 7*c - 23. Determine s(6).
-17
Let m(x) = -3*x - 30. Determine m(-10).
0
Let o(k) = -k**3 + 3*k**2 + 5*k - 9. Give o(4).
-5
Let p(g) = -5*g**3 - g**2 + 15*g + 16. Calculate p(-1).
5
Let o(m) = m**2 - 4*m - 6. What is o(6)?
6
Let v(g) = g**2 + g - 1. What is v(5)?
29
Let y(d) = -d**3 - 14*d**2 - 25*d - 6. Calculate y(-12).
6
Let z(s) = s**2 - 39*s + 216. Calculate z(32).
-8
Let z(r) = -2*r + 7. Determine z(-4).
15
Let j(p) = -p**3 - 7*p**2 - 5*p + 9. Determine j(-6).
3
Let a(h) = -h**3 + 2*h**2 + h + 2. What is a(5)?
-68
Let r(a) = 2*a**3 - 5*a**2 + 3*a + 4. What is r(2)?
6
Let b(a) = -14*a + 117. What is b(10)?
-23
Let m(i) = -i**2 - 14*i - 15. Give m(-13).
-2
Let i(l) = l + 7. What is i(-4)?
3
Let m(h) = 14*h - 10. Give m(2).
18
Let f(w) = -2*w**3 + w**2 + 2*w - 2. Calculate f(1).
-1
Let l(p) = 5*p + 47. Calculate l(-9).
2
Let a(f) = -f**2 - 11*f - 30. What is a(-6)?
0
Let d(t) = t**2 + 7*t - 12. Give d(-8).
-4
Let t(q) = -q**3 - 12*q**2 - 11*q - 12. Give t(-11).
-12
Let o(t) = 22*t - 27. Determine o(3).
39
Let m(q) = -q**3 + q**2 - q - 21. Calculate m(0).
-21
Let u(o) = 80*o - 491. Determine u(6).
-11
Let v(x) = -x**3 + 6*x**2 + 11*x - 8. Determine v(8).
-48
Let p(l) = l**2 - 8*l + 8. What is p(6)?
-4
Let p(v) = 3*v**3 - 3*v**2 - v. What is p(3)?
51
Let k(q) = 4*q + 12. Give k(10).
52
Let b(u) = 2*u + 10. Give b(9).
28
Let r(b) = -b + 4. Calculate r(12).
-8
Let p(r) = r**2 + 38*r + 14. Calculate p(-38).
14
Let i(p) = -p**3 - 11*p**2 + 12*p + 13. What is i(-12)?
13
Let c(x) = -2*x**2 - 18*x + 6. Calculate c(-10).
-14
Let u(q) = 12*q - 1. What is u(-2)?
-25
Let m(d) = 3*d**2 + 16*d + 26. Give m(-6).
38
Let n(w) = 17*w**3 - 3*w**2 - 2*w + 2. Calculate n(-2).
-142
Let i(o) = o**2 - 39*o + 53. What is i(37)?
-21
Let o(p) = -p**2 + 12*p + 3. Calculate o(11).
14
Let a(h) = 2*h**2 + 19*h - 14. Give a(-10).
-4
Let p(m) = -12*m - 72. Give p(-6).
0
Let w(c) = 17*c - 299. Determine w(18).
7
Let p(x) = x**2 - 10*x - 21. Give p(11).
-10
Let h(k) = -k**2 + 10*k. What is h(9)?
9
Let k(r) = r**2 - r + 3. Determine k(4).
15
Let w(g) = -23*g + 272. What is w(12)?
-4
Let r(p) = p**2 - 12*p - 16. What is r(12)?
-16
Let u(d) = -2*d**3 - 3*d**2 + 5*d + 2. Determine u(3).
-64
Let x(v) = -v**3 - 34*v**2 + 2*v - 83. Give x(-34).
-151
Let k(d) = d**3 - 6*d**2 + d - 8. Determine k(6).
-2
Let y(g) = -2*g + 4. Determine y(10).
-16
Let c(z) = 15*z - 86. What is c(6)?
4
Let k(d) = -d**2 - 37*d + 29. Calculate k(-38).
-9
Let n(y) = y**3 + 11*y**2 - y - 7. What is n(-11)?
4
Let d(x) = x**2 + 11*x + 15. Determine d(-7).
-13
Let j(o) = -o**3 + 10*o**2 - 6*o - 11. Determine j(9).
16
Let h(f) = 36*f - 22. Give h(0).
-22
Let s(p) = 2*p + 84. Give s(-11).
62
Let p(n) = n**2 - 11*n + 19. Calculate p(9).
1
Let n(m) = m**2 - 11*m - 23. Give n(12).
-11
Let x(a) = a**2 + 3*a + 2. What is x(-4)?
6
Let j(s) = -s**3 + 3*s**2 + 20*s + 1. Calculate j(7).
-55
Let z(c) = -c**3 + 10*c**2 + 11*c + 10. Give z(11).
10
Let v(m) = -m**3 - m**2 + 19*m - 9. Determine v(0).
-9
Let j(l) = -l - 5. Calculate j(3).
-8
Let j(r) = -3*r**2 - 6*r + 3. Give j(-3).
-6
Let h(v) = -v**2 - 7*v - 17. Determine h(-8).
-25
Let d(k) = -8*k - 55. Give d(-6).
-7
Let y(o) = -13*o**3 - o**2. Calculate y(-1).
12
Let c(j) = -j**2 - 8*j - 8. What is c(-9)?
-17
Let f(b) = -65*b**3 - b**2 + 2*b - 1. What is f(1)?
-65
Let n(u) = 24*u - 174. What is n(7)?
-6
Let r(o) = 6*o + 18. What is r(-13)?
-60
Let g(f) = f - 20. What is g(9)?
-11
Let g(z) = 23*z + 24. Calculate g(-1).
1
Let l(y) = 2*y**2 - 15*y - 16. Give l(8).
-8
Let r(t) = -t**3 + 5*t**2 - 5*t + 4. Determine r(4).
0
Let r(z) = -z**2 - 6*z + 12. Give r(-9).
-15
Let i(f) = -f**3 - 4*f**2 + 6*f - 8. Give i(-6).
28
Let p(l) = l**3 + 4*l**2 + 9*l + 17. Determine p(-4).
-19
Let t(m) = -m**3 + 7*m**2 - m + 13. Determine t(7).
6
Let h(v) = -2*v**2 + 20*v - 15. Calculate h(12).
-63
Let u(a) = -a**3 + 9*a**2 - 15*a - 7. What is u(7)?
-14
Let l(h) = -34*h**2 - 1. What is l(1)?
-35
Let q(p) = -6*p + 28. Calculate q(6).
-8
Let t(w) = w**3 + 6*w**2 - 10*w - 5. Give t(-8).
-53
Let l(r) = 4*r - 3. Give l(-3).
-15
Let o(d) = d**3 + 9*d**2 + 10*d + 10. Calculate o(-8).
-6
Let x(u) = 3*u**2 + 2*u + 3. Calculate x(0).
3
Let x(c) = c**3 + 15*c**2 - 17*c - 20. What is x(-16)?
-4
Let c(z) = 2*z**3 - 12*z**2 + 4*z + 10. What is c(5)?
-20
Let x(r) = r**2 - 12*r + 20. Give x(11).
9
Let t(s) = 12*s - 33. What is t(2)?
-9
Let i(m) = -m**3 - 7*m**2 + m. Determine i(-7).
-7
Let m(a) = -2*a**3 - 19*a**2 + 6*a - 11. Calculate m(-10).
29
Let b(z) = -4*z - 18. Give b(0).
-18
Let h(x) = x**3 - 72*x**2 + 141*x - 74. Calculate h(70).
-4
Let f(j) = 22*j - 286. Determine f(13).
0
Let o(j) = j**2 + 6*j + 10. Determine o(-9).
37
Let c(q) = 2*q**2 + 2*q - 10. What is c(3)?
14
Let j(t) = -2*t + 72. Calculate j(-6).
84
Let r(c) = -16*c. What is r(-3)?
48
Let v(i) = i**3 + 10*i**2 + 4*i - 10. Determine v(-4).
70
Let a(o) = -o**3 + o**2 - 7. Determine a(0).
-7
Let v(u) = -2*u**2 - 63*u - 87. Give v(-30).
3
Let m(n) = 10*n**2 - n + 3. Determine m(-2).
45
Let a(c) = -c**3 + 12*c**2 + 16*c - 21. Determine a(13).
18
Let p(i) = -5*i + 175. Calculate p(34).
5
Let l(q) = -3*q**2 + 13*q - 6. What is l(6)?
-36
Let b(a) = -a**2 + 16*a - 36. Determine b(13).
3
Let c(h) = -h**3 + 14*h**2 - 12*h - 7. What is c(13)?
6
Let s(g) = -5*g + 42. Give s(10).
-8
Let q(h) = 4*h. Determine q(-1).
-4
Let n(l) = 2*l + 74. Determine n(-26).
22
Let g(f) = -4*f - 24. Determine g(-4).
-8
Let y(w) = 120*w + 486. Calculate y(-4).
6
Let o(m) = 55*m**3 + 2*m - 1. Determine o(1).
56
Let t(o) = -4*o**2 + 47*o - 13. Determine t(11).
20
Let a(l) = -l**3 + l - 4. Give a(2).
-10
Let s(q) = -q - 4. Give s(-2).
-2
Let t(g) = 4*g + 6. Calculate t(-5).
-14
Let d(l) = -2*l**2 + 75*l - 538. What is d(28)?
-6
Let v(x) = -x**2 + 13*x + 2. Give v(13).
2
Let o(j) = j**2 + j - 47. Determine o(0).
-47
Let l(q) = 10*q + 5. Determine l(-1).
-5
Let i(j) = -4*j**2 - 2*j + 3. Determine i(2).
-17
Let y(t) = t**3 + t**2 - 5*t + 2. Determine y(2).
4
Let g(r) = -4*r + 102. Calculate g(0).
102
Let v(q) = -q**3 + 3*q**2 + q - 2. Calculate v(4).
-14
Let a(y) = y**2 - 8*y - 7. Determine a(9).
2
Let y(f) = -f**3 + 12*f**2 - 6*f - 15. Give y(11).
40
Let y(a) = a**3 + 18*a**2 + 6*a + 22. Give y(-17).
209
Let c(u) = -4*u**2 - 13*u + 11. Determine c(1).
-6
Let p(a) = -a - 3. Calculate p(8).
-11
Let s(h) = -h - 2. Calculate s(-8).
6
Let f(m) = -2*m**2 + 43*m - 29. Give f(21).
-8
Let c(h) = 41*h - 167. What is c(4)?
-3
Let w(q) = -2*q**2 - 39*q - 22. Give w(-19).
-3
Let y(b) = b**2 + 9*b + 9. Calculate y(-10).
19
Let l(n) = -n**2 - 6*n - 9. What is l(-6)?
-9
Let x(y) = y**3 + 15*y**2 - y. Determine x(-15).
15
Let i(g) = g**2 - 6*g - 6. Give i(6).
-6
Let q(f) = 8*f**2 + 5*f + 5. What is q(-2)?
27
Let t(d) = d**2 - 17*d + 17. What is t(16)?
1
Let f(t) = -t**3 + 21*t**2 - 37*t - 17. Give f(19).
2
Let c(x) = -11*x**2 - 1. Determine c(-1).
-12
Let w(x) = -10*x - 202. Give w(-23).
28
Let m(p) = -26*p - 122. Give m(-5).
8
Let x(r) = -r**2 - 11*r + 23. Determine x(-13).
-3
Let w(p) = -p - 10. What is w(-14)?
4
Let j(k) = -k**3 - 5*k**2 - 5*k + 4. Give j(-4).
8
Let r(f) = f**2 - 2*f - 1. Give r(4).
7
Let d(m) = 8*m - 6. Determine d(1).
2
Let s(l) = -l**2 - 31*l + 43. Calculate s(-29).
101
Let o(b) = b**3 + 9*b**2 + 4*b - 12. Determine o(-8).
20
Let b(h) = -h**2 - 5*h - 19. What is b(-6)?
-25
Let s(p) = -2*p - 17. Calculate s(-12).
7
Let a(w) = -2*w**2 + 129*w - 185. Determine a(63).
4
Let m(s) = -13*s - 28. Give m(-3).
11
Let x(z) = -z**3